{"id":128,"date":"2024-10-07T18:47:16","date_gmt":"2024-10-07T16:47:16","guid":{"rendered":"https:\/\/die-luftgekuehlten-aus-hardert.de\/kaefer\/?page_id=128"},"modified":"2025-01-24T15:54:11","modified_gmt":"2025-01-24T14:54:11","slug":"termine","status":"publish","type":"page","link":"https:\/\/die-luftgekuehlten-aus-hardert.de\/kaefer\/termine\/","title":{"rendered":"Termine"},"content":{"rendered":"\n<p><strong>Der Stammtisch findet jeden ersten Freitag im Monat (au\u00dfer an Feiertagen) um 19:00 Uhr im Fr\u00fch im Landratsgarten in Neuwied statt<\/strong>:<\/p>\n\n\n\n<p><a href=\"..\/wp-content\/uploads\/2025\/01\/stammtischtermine-2025.pdf\" data-type=\"attachment\" data-id=\"373\">Stammtischtermine 2025<\/a><\/p>\n\n\n\n<p><strong>Die folgenden Ausfahrten und Treffen f\u00fchren wir durch oder nehmen daran teil<\/strong>:<\/p>\n\n\n\n<p><a href=\"..\/wp-content\/uploads\/2025\/01\/treffentermine-2025.pdf\" data-type=\"attachment\" data-id=\"374\">Treffentermine 2025<\/a><\/p>\n\n\n\n<p><\/p>\n","protected":false},"excerpt":{"rendered":"<p>Der Stammtisch findet jeden ersten Freitag im Monat (au\u00dfer an Feiertagen) um 19:00 Uhr im Fr\u00fch im Landratsgarten in Neuwied statt: Stammtischtermine 2025 Die folgenden Ausfahrten und Treffen f\u00fchren wir durch oder nehmen daran teil: Treffentermine 2025<\/p>\n","protected":false},"author":1,"featured_media":0,"parent":0,"menu_order":0,"comment_status":"closed","ping_status":"closed","template":"","meta":{"footnotes":""},"class_list":["post-128","page","type-page","status-publish","hentry"],"_links":{"self":[{"href":"https:\/\/die-luftgekuehlten-aus-hardert.de\/kaefer\/wp-json\/wp\/v2\/pages\/128","targetHints":{"allow":["GET"]}}],"collection":[{"href":"https:\/\/die-luftgekuehlten-aus-hardert.de\/kaefer\/wp-json\/wp\/v2\/pages"}],"about":[{"href":"https:\/\/die-luftgekuehlten-aus-hardert.de\/kaefer\/wp-json\/wp\/v2\/types\/page"}],"author":[{"embeddable":true,"href":"https:\/\/die-luftgekuehlten-aus-hardert.de\/kaefer\/wp-json\/wp\/v2\/users\/1"}],"replies":[{"embeddable":true,"href":"https:\/\/die-luftgekuehlten-aus-hardert.de\/kaefer\/wp-json\/wp\/v2\/comments?post=128"}],"version-history":[{"count":6,"href":"https:\/\/die-luftgekuehlten-aus-hardert.de\/kaefer\/wp-json\/wp\/v2\/pages\/128\/revisions"}],"predecessor-version":[{"id":377,"href":"https:\/\/die-luftgekuehlten-aus-hardert.de\/kaefer\/wp-json\/wp\/v2\/pages\/128\/revisions\/377"}],"wp:attachment":[{"href":"https:\/\/die-luftgekuehlten-aus-hardert.de\/kaefer\/wp-json\/wp\/v2\/media?parent=128"}],"curies":[{"name":"wp","href":"https:\/\/api.w.org\/{rel}","templated":true}]}}

<p><strong>Der Stammtisch findet jeden ersten Freitag im Monat (außer an Feiertagen) um 19:00 Uhr im Früh im Landratsgarten in Neuwied statt</strong>:</p>



<p><a href="../wp-content/uploads/2025/01/stammtischtermine-2025.pdf" data-type="attachment" data-id="373">Stammtischtermine 2025</a></p>



<p><strong>Die folgenden Ausfahrten und Treffen führen wir durch oder nehmen daran teil</strong>:</p>



<p><a href="../wp-content/uploads/2025/01/treffentermine-2025.pdf" data-type="attachment" data-id="374">Treffentermine 2025</a></p>



<p></p>

<p>Der Stammtisch findet jeden ersten Freitag im Monat (außer an Feiertagen) um 19:00 Uhr im Früh im Landratsgarten in Neuwied statt: Stammtischtermine 2025 Die folgenden Ausfahrten und Treffen führen wir durch oder nehmen daran teil: Treffentermine 2025</p>
