{"id":76,"date":"2024-10-02T11:42:12","date_gmt":"2024-10-02T09:42:12","guid":{"rendered":"https:\/\/die-luftgekuehlten-aus-hardert.de\/kaefer\/?page_id=76"},"modified":"2024-10-31T12:14:44","modified_gmt":"2024-10-31T11:14:44","slug":"vorstand","status":"publish","type":"page","link":"https:\/\/die-luftgekuehlten-aus-hardert.de\/kaefer\/vorstand\/","title":{"rendered":"Vorstand"},"content":{"rendered":"\n<p id=\"block-757c1796-0492-4ebf-931e-d2fed90dc552\"><strong>[ Vorstand | <a href=\"https:\/\/die-luftgekuehlten-aus-hardert.de\/kaefer\/vereinslokal\/\">Vereinslokal<\/a> | <a href=\"https:\/\/die-luftgekuehlten-aus-hardert.de\/kaefer\/mitglied-werden\/\">Mitglied werden<\/a> | <a href=\"https:\/\/die-luftgekuehlten-aus-hardert.de\/kaefer\/satzung\/\">Satzung<\/a> ]<\/strong><\/p>\n\n\n\n<p><strong>1. Vorsitzender Dirk Veit<\/strong><br><a>dirk-veit@die-luftgekuehlten-aus-hardert.de<\/a><\/p>\n\n\n\n<p><strong>2. Vorsitzender Klaus Lemgen<\/strong><br><a>klaus-lemgen@die-luftgekuehlten-aus-hardert.de<\/a><\/p>\n\n\n\n<p><strong>1. Kassierer Ilona Konz<\/strong><br><a>ilona-konz@die-luftgekuehlten-aus-hardert.de<\/a><\/p>\n\n\n\n<p><strong>2. Kassierer Christoph Gellrich<\/strong><br><a>christoph-gellrich@die-luftgekuehlten-aus-hardert.de<\/a><\/p>\n\n\n\n<p><strong>1. Schriftf\u00fchrer Torsten Hoffmann<\/strong><br><a>torsten-hoffmann@die-luftgekuehlten-aus-hardert.de<\/a><\/p>\n\n\n\n<p><strong>2. Schriftf\u00fchrer J\u00fcrgen Jodeit<\/strong><br><a>juergen-jodeit@die-luftgekuehlten-aus-hardert.de<\/a><\/p>\n","protected":false},"excerpt":{"rendered":"<p>[ Vorstand | Vereinslokal | Mitglied werden | Satzung ] 1. Vorsitzender Dirk Veitdirk-veit@die-luftgekuehlten-aus-hardert.de 2. Vorsitzender Klaus Lemgenklaus-lemgen@die-luftgekuehlten-aus-hardert.de 1. Kassierer Ilona Konzilona-konz@die-luftgekuehlten-aus-hardert.de 2. Kassierer Christoph Gellrichchristoph-gellrich@die-luftgekuehlten-aus-hardert.de 1. Schriftf\u00fchrer Torsten Hoffmanntorsten-hoffmann@die-luftgekuehlten-aus-hardert.de 2. Schriftf\u00fchrer J\u00fcrgen Jodeitjuergen-jodeit@die-luftgekuehlten-aus-hardert.de<\/p>\n","protected":false},"author":1,"featured_media":0,"parent":0,"menu_order":0,"comment_status":"closed","ping_status":"closed","template":"","meta":{"footnotes":""},"class_list":["post-76","page","type-page","status-publish","hentry"],"_links":{"self":[{"href":"https:\/\/die-luftgekuehlten-aus-hardert.de\/kaefer\/wp-json\/wp\/v2\/pages\/76","targetHints":{"allow":["GET"]}}],"collection":[{"href":"https:\/\/die-luftgekuehlten-aus-hardert.de\/kaefer\/wp-json\/wp\/v2\/pages"}],"about":[{"href":"https:\/\/die-luftgekuehlten-aus-hardert.de\/kaefer\/wp-json\/wp\/v2\/types\/page"}],"author":[{"embeddable":true,"href":"https:\/\/die-luftgekuehlten-aus-hardert.de\/kaefer\/wp-json\/wp\/v2\/users\/1"}],"replies":[{"embeddable":true,"href":"https:\/\/die-luftgekuehlten-aus-hardert.de\/kaefer\/wp-json\/wp\/v2\/comments?post=76"}],"version-history":[{"count":5,"href":"https:\/\/die-luftgekuehlten-aus-hardert.de\/kaefer\/wp-json\/wp\/v2\/pages\/76\/revisions"}],"predecessor-version":[{"id":300,"href":"https:\/\/die-luftgekuehlten-aus-hardert.de\/kaefer\/wp-json\/wp\/v2\/pages\/76\/revisions\/300"}],"wp:attachment":[{"href":"https:\/\/die-luftgekuehlten-aus-hardert.de\/kaefer\/wp-json\/wp\/v2\/media?parent=76"}],"curies":[{"name":"wp","href":"https:\/\/api.w.org\/{rel}","templated":true}]}}

<p id="block-757c1796-0492-4ebf-931e-d2fed90dc552"><strong>[ Vorstand | <a href="https://die-luftgekuehlten-aus-hardert.de/kaefer/vereinslokal/">Vereinslokal</a> | <a href="https://die-luftgekuehlten-aus-hardert.de/kaefer/mitglied-werden/">Mitglied werden</a> | <a href="https://die-luftgekuehlten-aus-hardert.de/kaefer/satzung/">Satzung</a> ]</strong></p>



<p><strong>1. Vorsitzender Dirk Veit</strong><br><a>dirk-veit@die-luftgekuehlten-aus-hardert.de</a></p>



<p><strong>2. Vorsitzender Klaus Lemgen</strong><br><a>klaus-lemgen@die-luftgekuehlten-aus-hardert.de</a></p>



<p><strong>1. Kassierer Ilona Konz</strong><br><a>ilona-konz@die-luftgekuehlten-aus-hardert.de</a></p>



<p><strong>2. Kassierer Christoph Gellrich</strong><br><a>christoph-gellrich@die-luftgekuehlten-aus-hardert.de</a></p>



<p><strong>1. Schriftführer Torsten Hoffmann</strong><br><a>torsten-hoffmann@die-luftgekuehlten-aus-hardert.de</a></p>



<p><strong>2. Schriftführer Jürgen Jodeit</strong><br><a>juergen-jodeit@die-luftgekuehlten-aus-hardert.de</a></p>

<p>[ Vorstand | Vereinslokal | Mitglied werden | Satzung ] 1. Vorsitzender Dirk Veitdirk-veit@die-luftgekuehlten-aus-hardert.de 2. Vorsitzender Klaus Lemgenklaus-lemgen@die-luftgekuehlten-aus-hardert.de 1. Kassierer Ilona Konzilona-konz@die-luftgekuehlten-aus-hardert.de 2. Kassierer Christoph Gellrichchristoph-gellrich@die-luftgekuehlten-aus-hardert.de 1. Schriftführer Torsten Hoffmanntorsten-hoffmann@die-luftgekuehlten-aus-hardert.de 2. Schriftführer Jürgen Jodeitjuergen-jodeit@die-luftgekuehlten-aus-hardert.de</p>
