{"id":86,"date":"2024-10-02T11:58:33","date_gmt":"2024-10-02T09:58:33","guid":{"rendered":"https:\/\/die-luftgekuehlten-aus-hardert.de\/kaefer\/?page_id=86"},"modified":"2024-11-07T20:17:08","modified_gmt":"2024-11-07T19:17:08","slug":"mitglied-werden","status":"publish","type":"page","link":"https:\/\/die-luftgekuehlten-aus-hardert.de\/kaefer\/mitglied-werden\/","title":{"rendered":"Mitglied werden"},"content":{"rendered":"\n<p id=\"block-757c1796-0492-4ebf-931e-d2fed90dc552\"><strong>[ <a href=\"https:\/\/die-luftgekuehlten-aus-hardert.de\/kaefer\/vorstand\/\">Vorstand<\/a> | <a href=\"https:\/\/die-luftgekuehlten-aus-hardert.de\/kaefer\/vereinslokal\/\">Vereinslokal<\/a> | Mitglied werden | <a href=\"https:\/\/die-luftgekuehlten-aus-hardert.de\/kaefer\/satzung\/\">Satzung<\/a> ]<\/strong><\/p>\n\n\n\n<p><strong>Sie m\u00f6chten Mitglied werden?<\/strong><\/p>\n\n\n\n<p>Sie wohnen im Gro\u00dfraum Koblenz oder Neuwied, am Mittelrhein, im Westerwald, Taunus, Eifel oder Hunsr\u00fcck und fahren einen VW-K\u00e4fer oder VW-Bus, einen Karmann Ghia oder einen Volkswagen Variant?<\/p>\n\n\n\n<p><strong><a href=\"..\/wp-content\/uploads\/2024\/10\/Beitrittserklaerung-Die-Luftgekuehlten-aus-Hardert-e.V.-Stand-04.2019-mit-IBAN-BIC.pdf\" target=\"_blank\" rel=\"noreferrer noopener\">Hier gibt es die Beitrittserkl\u00e4rung als PDF-Datei!<\/a><\/strong><\/p>\n\n\n\n<p>Bitte herunterladen und ausgef\u00fcllt bei einem Vorstandsmitglied abgeben,<\/p>\n\n\n\n<p>uns als Email zusenden: <a href=\"mailto:info@die-luftgek\u00fchlten-aus-hardert.de?Subject=Beitrittserkl\u00e4rung\">info@die-luftgek\u00fchlten-aus-hardert.de<\/a><\/p>\n\n\n\n<p>oder &#8211; am Besten &#8211; direkt zum n\u00e4chsten <a href=\"https:\/\/die-luftgekuehlten-aus-hardert.de\/kaefer\/vereinslokal\/\" data-type=\"page\" data-id=\"81\">Stammtisch<\/a> mitbringen.<\/p>\n\n\n\n<p><\/p>\n","protected":false},"excerpt":{"rendered":"<p>[ Vorstand | Vereinslokal | Mitglied werden | Satzung ] Sie m\u00f6chten Mitglied werden? Sie wohnen im Gro\u00dfraum Koblenz oder Neuwied, am Mittelrhein, im Westerwald, Taunus, Eifel oder Hunsr\u00fcck und fahren einen VW-K\u00e4fer oder VW-Bus, einen Karmann Ghia oder einen Volkswagen Variant? Hier gibt es die Beitrittserkl\u00e4rung als PDF-Datei! Bitte herunterladen und ausgef\u00fcllt bei einem [&hellip;]<\/p>\n","protected":false},"author":1,"featured_media":0,"parent":0,"menu_order":0,"comment_status":"closed","ping_status":"closed","template":"","meta":{"footnotes":""},"class_list":["post-86","page","type-page","status-publish","hentry"],"_links":{"self":[{"href":"https:\/\/die-luftgekuehlten-aus-hardert.de\/kaefer\/wp-json\/wp\/v2\/pages\/86","targetHints":{"allow":["GET"]}}],"collection":[{"href":"https:\/\/die-luftgekuehlten-aus-hardert.de\/kaefer\/wp-json\/wp\/v2\/pages"}],"about":[{"href":"https:\/\/die-luftgekuehlten-aus-hardert.de\/kaefer\/wp-json\/wp\/v2\/types\/page"}],"author":[{"embeddable":true,"href":"https:\/\/die-luftgekuehlten-aus-hardert.de\/kaefer\/wp-json\/wp\/v2\/users\/1"}],"replies":[{"embeddable":true,"href":"https:\/\/die-luftgekuehlten-aus-hardert.de\/kaefer\/wp-json\/wp\/v2\/comments?post=86"}],"version-history":[{"count":13,"href":"https:\/\/die-luftgekuehlten-aus-hardert.de\/kaefer\/wp-json\/wp\/v2\/pages\/86\/revisions"}],"predecessor-version":[{"id":343,"href":"https:\/\/die-luftgekuehlten-aus-hardert.de\/kaefer\/wp-json\/wp\/v2\/pages\/86\/revisions\/343"}],"wp:attachment":[{"href":"https:\/\/die-luftgekuehlten-aus-hardert.de\/kaefer\/wp-json\/wp\/v2\/media?parent=86"}],"curies":[{"name":"wp","href":"https:\/\/api.w.org\/{rel}","templated":true}]}}

<p id="block-757c1796-0492-4ebf-931e-d2fed90dc552"><strong>[ <a href="https://die-luftgekuehlten-aus-hardert.de/kaefer/vorstand/">Vorstand</a> | <a href="https://die-luftgekuehlten-aus-hardert.de/kaefer/vereinslokal/">Vereinslokal</a> | Mitglied werden | <a href="https://die-luftgekuehlten-aus-hardert.de/kaefer/satzung/">Satzung</a> ]</strong></p>



<p><strong>Sie möchten Mitglied werden?</strong></p>



<p>Sie wohnen im Großraum Koblenz oder Neuwied, am Mittelrhein, im Westerwald, Taunus, Eifel oder Hunsrück und fahren einen VW-Käfer oder VW-Bus, einen Karmann Ghia oder einen Volkswagen Variant?</p>



<p><strong><a href="../wp-content/uploads/2024/10/Beitrittserklaerung-Die-Luftgekuehlten-aus-Hardert-e.V.-Stand-04.2019-mit-IBAN-BIC.pdf" target="_blank" rel="noreferrer noopener">Hier gibt es die Beitrittserklärung als PDF-Datei!</a></strong></p>



<p>Bitte herunterladen und ausgefüllt bei einem Vorstandsmitglied abgeben,</p>



<p>uns als Email zusenden: <a href="mailto:info@die-luftgekühlten-aus-hardert.de?Subject=Beitrittserklärung">info@die-luftgekühlten-aus-hardert.de</a></p>



<p>oder &#8211; am Besten &#8211; direkt zum nächsten <a href="https://die-luftgekuehlten-aus-hardert.de/kaefer/vereinslokal/" data-type="page" data-id="81">Stammtisch</a> mitbringen.</p>



<p></p>

<p>[ Vorstand | Vereinslokal | Mitglied werden | Satzung ] Sie möchten Mitglied werden? Sie wohnen im Großraum Koblenz oder Neuwied, am Mittelrhein, im Westerwald, Taunus, Eifel oder Hunsrück und fahren einen VW-Käfer oder VW-Bus, einen Karmann Ghia oder einen Volkswagen Variant? Hier gibt es die Beitrittserklärung als PDF-Datei! Bitte herunterladen und ausgefüllt bei einem [&hellip;]</p>
